h - 31, 5*n - 107 = 3*h. Suppose 74 = 2*o - 74. What is the remainder when o is divided by n?
17
Let f(o) = -o**2 + 11*o - 5. Let d = 8 - -15. Calculate the remainder when d is divided by f(9).
10
Calculate the remainder when ((-8)/(-10))/((-2)/(-50)) is divided by 8.
4
Let a be -4 - (2/1 + -4). Let j(y) = 5*y**2 - 3*y - 3. What is the remainder when j(a) is divided by 12?
11
Let k = 29 - 25. What is the remainder when 11 is divided by k?
3
Let c = 21 + -5. Calculate the remainder when 61 is divided by c.
13
Let h(u) = 10*u**2 - 1. Suppose 0 = -5*d - 4*v + 170, -2*v + 66 + 36 = 3*d. What is the remainder when d is divided by h(-1)?
7
Let n(u) = 2*u**2 - u + 1. Let w be n(-2). Suppose 4*s - 18 = j - 0*j, -s - 3*j = -w. Calculate the remainder when s is divided by 3.
2
Let k(l) = -3*l + 23. Let o(z) = z - 11. Let x(q) = 2*k(q) + 5*o(q). Let d be x(-7). What is the remainder when 5/((d - 0)/(-8)) is divided by 11?
9
Let k(a) = 9*a + 1. Let v(t) = -6 + 8 + t + 7. Let q be v(-8). Calculate the remainder when 37 is divided by k(q).
7
Let y(z) = z**2 + 13*z + 3. Let g be -10 + 6*1/(-2). Calculate the remainder when 5 is divided by y(g).
2
Let y = -123 - -87. Calculate the remainder when 14 is divided by (-148)/(-18) + 8/y.
6
Let t(a) = 3*a**3 + 6*a. Calculate the remainder when t(3) is divided by 17.
14
Suppose 0*p = -p - 1. Calculate the remainder when 30 is divided by (3 - (p + 2)) + 15.
13
Let k(q) = q + 8. Calculate the remainder when 32 is divided by k(5).
6
Suppose -n = -5*n + 104. Suppose 0*c + 2*c - n = 0. What is the remainder when 50 is divided by c?
11
Let t be (0/1)/(4/(-4)). Suppose t = -5*g + m + 3*m + 236, -2*m = -g + 52. Suppose -5*k + k + g = 0. Calculate the remainder when 42 is divided by k.
9
Let r be 114/5 - (-4)/20. Let j = 14 - r. Let z = j - -18. What is the remainder when 15 is divided by z?
6
Let v(y) = 3*y**3 + 4*y**2 - 8*y + 3. Calculate the remainder when 159 is divided by v(2).
24
Let v(f) = f**2 - f + 3. Suppose y - 4 = -8*i + 3*i, 2*i = y - 4. Calculate the remainder when y is divided by v(0).
1
What is the remainder when (-72)/(-7)*(-364)/(-39) is divided by 33?
30
Let k(q) = -q**2 + 11*q - 4. Calculate the remainder when 36 is divided by k(8).
16
Let u = -137 - -280. Suppose -5*z + 77 = 5*g - u, 5*z + 2*g = 208. Calculate the remainder when z is divided by 14.
12
Let s = -13 + 11. Let m(z) = -4*z - 1. What is the remainder when m(-8) is divided by ((-22)/3)/(s/3)?
9
Let d = -34 + 84. Suppose -85 = -4*q + o, -q - q - 2*o + d = 0. Calculate the remainder when (-1)/(2/q*-1) is divided by 6.
5
Let o = 4 - 2. Suppose -o*x + 9 = -29. What is the remainder when x is divided by ((-1)/4)/((-4)/160)?
9
Let j = -8 - -12. Suppose -2*u + 32 = -k, -j*u + 62 = 2*k - 5*k. Calculate the remainder when 50 is divided by u.
16
Suppose -o - 4*o = -395. Calculate the remainder when o is divided by 20.
19
Suppose -2*d + 3 = -1. Suppose -2*q - 10 + d = 0. Let m(x) = -x**3 - 3*x**2 - 7*x - 5. What is the remainder when m(q) is divided by 20?
19
Let z(q) = q - 9. Let a be z(14). Suppose 2*n = a*n - 54. What is the remainder when 70 is divided by n?
16
Let z be (-1)/(-3) + (-10)/(-6). Suppose -z*c + 9 = o, 4*c + 27 + 0 = o. Let r = o + -6. Calculate the remainder when 25 is divided by r.
7
Suppose 5*i - 1 = 29. Let o = i - 2. Calculate the remainder when o is divided by 2.
0
Suppose -s - 462 = -4*j - j, -2*j + 189 = s. Calculate the remainder when j is divided by 19.
17
Let a be -1 + 10/6*6. Suppose 4*o = -1 + a. What is the remainder when 4 is divided by o?
0
Suppose -59 = -5*q + 3*l, -3*q = -q + l - 28. Let b be 0/((-5 - -3) + 3). Suppose b = -2*p - 0*p + 74. What is the remainder when p is divided by q?
11
Let d = -12 - -35. Suppose 0 = -y + 6*y + 25. Let p = 17 + y. Calculate the remainder when d is divided by p.
11
Suppose 5*z - 14 = 2*f, 2*f - 3*f - 4*z = -19. Suppose y + 2*t - f = 6*t, 2*t = 0. Let i = 111 + -104. Calculate the remainder when i is divided by y.
1
Suppose -3*n = -h + 15, 117 = 7*h - 2*h - n. Suppose -2*b = g - 23, -2*g - h = -2*b + 2. Calculate the remainder when 35 is divided by b.
11
Suppose 0 = 4*g - g - 57. Let p = 71 - 35. What is the remainder when p is divided by g?
17
Suppose 5*p + 0*p = 5. Let y(k) = 9*k**2 - 2*k + 1. Calculate the remainder when y(p) is divided by 2 + 2 - (1 + -2).
3
Suppose 0 = -4*q - q + 25. Calculate the remainder when 11 is divided by q.
1
Suppose -3*n + 5*n = 0. Let g = -4 - -8. Suppose -r + n*r + g = 0. What is the remainder when 7 is divided by r?
3
Let x(z) = z**3 - 5*z**2 - z - 3. Calculate the remainder when x(6) is divided by 1/(2*(-4)/(-56)).
6
Let j = 306 - 261. Let v(b) = -b**2. Let m(f) = -f**3 + 5*f**2 + f. Let u(x) = -m(x) - 2*v(x). What is the remainder when j is divided by u(4)?
9
Suppose -2*s = 2, 6*c = 2*c + 3*s + 55. Suppose -4*t + 189 = -t. Calculate the remainder when t is divided by c.
11
Let t = 1 + 9. What is the remainder when 48 is divided by t?
8
Suppose -3*n - 30 = -69. Suppose 24 = -5*x + 2*x. What is the remainder when n is divided by (-2 - -2 - 1)*x?
5
Let c(p) = p + 25. Let d be ((4 - 1) + -3)/2. What is the remainder when c(d) is divided by 9?
7
Let p = -10 - -21. What is the remainder when 40 is divided by p?
7
Let o be (-1 + 0 - 0)*1. Calculate the remainder when (3*o)/(12/(-256)) is divided by (-67)/(-3) - (-2)/(-6).
20
Let y(m) = 2*m**3 - 3*m**2 - 3. Calculate the remainder when y(3) is divided by 13.
11
Let i = 8 + -4. Let d(k) = -4 - 2 + 3*k**2 - 2*k**2 - i*k. What is the remainder when d(-4) is divided by 14?
12
Let g(m) = 10*m**2 + 2*m - 5. Let w(n) = n**2 + n - 1. Let c(q) = g(q) - 4*w(q). Calculate the remainder when c(-2) is divided by 10.
7
Let f = -2 - -11. Let b(z) = z**2 + z + 2. Let u be b(0). Calculate the remainder when -1*(u/2 + -26) is divided by f.
7
Let w(c) = 3*c - 6. Suppose 2*h - 33 = 13. What is the remainder when h is divided by w(6)?
11
Suppose 0 = 2*r + 28 - 80. Let i(o) = o**3 - 6*o**2 + 11*o + 11. What is the remainder when i(6) is divided by r?
25
Suppose 7 = 3*d - 2. Let u = d - -10. What is the remainder when u is divided by (1 - -6) + (1 - 3)?
3
Let y = 17 + 12. Let p(q) = 14*q**3 + 2*q - 1. What is the remainder when y is divided by p(1)?
14
Let s = -23 - -14. Let i be (-60)/(-27) - (-2)/s. Suppose -w = i*w - 114. Calculate the remainder when w is divided by 13.
12
Let x(s) = -s**3 + 6*s**2 - 5*s + 2. Calculate the remainder when 55 is divided by x(4).
13
Suppose -2*d - b + 14 = 0, 2*d + 5*b - 33 = -3. Calculate the remainder when 33/4 + d/(-20) is divided by 5.
3
Let x(t) = 2*t + 15. Calculate the remainder when 6 is divided by x(-5).
1
Suppose -3*h + 54 = 15. Suppose 0 = -3*s + l + 37, -s + 3*l = 7*l - 34. Suppose s = 5*a - 11. Calculate the remainder when h is divided by a.
3
Let z = 320 + -106. Suppose z = d + 2*d + 4*a, a - 73 = -d. Calculate the remainder when d is divided by 20.
18
Let y = 220 - 95. Calculate the remainder when y is divided by 32.
29
Let h(m) = m**3 + 4*m**2 - 4*m + 3. What is the remainder when h(-4) is divided by 13 - 1/((-6)/4 + 2)?
8
What is the remainder when ((-81)/6 + -2)*-2 is divided by 16?
15
Let m(j) = 2*j**2 + 6 - 3 - 5 + 3*j. What is the remainder when 33 is divided by m(2)?
9
Let w(s) = -s**2 + 13*s - 12. Let a be w(12). Suppose -q + 15 = -a*q. Calculate the remainder when q is divided by 4.
3
Suppose -9*p + 18 = -3*p. Calculate the remainder when 11 is divided by p.
2
Suppose -m + 15 = 7*h - 2*h, m = -h + 3. Suppose h*r + 2*r - 85 = 0. What is the remainder when 65 is divided by r?
14
Suppose 0 = -5*g - 15, 3*k - 2*k + 5*g + 11 = 0. Let z(v) = -v**3 + 7*v**2 - 5*v - 4. What is the remainder when 93 is divided by z(k)?
21
Let t(y) = 3*y + 7*y + 2*y**2 - y**2 + 2. Let r be t(-10). Suppose -o - 4*i = 7, 3*o - 33 = -r*o - 3*i. What is the remainder when 25 is divided by o?
7
Let p(i) = 3*i + 1. Let g = -5 + 8. Suppose 4*k - g*l - 103 = 0, 5*l - 70 = 4*k - 7*k. What is the remainder when k is divided by p(4)?
12
Suppose -3 + 5 = -2*g. Let x = -2 + 9. Let w = g + x. What is the remainder when 21 is divided by w?
3
Suppose 0 = -11*y + 5*y + 102. What is the remainder when y is divided by 10?
7
Let n = 9 - 5. Suppose -3*f + 95 = 4*s, 5*s - 6 = -n*f + 119. What is the remainder when f is d